 p. What is the tens digit of l?
4
Suppose 0 = -2*i - i + 6. Let n(c) = 14*c - 3. What is the units digit of n(i)?
5
Suppose -145 = 4*a - 541. What is the tens digit of a?
9
Suppose -r + 2*r - 39 = -3*i, -4*r + 198 = -2*i. What is the units digit of (r/(-20))/(3/(-10))?
8
Suppose 4*i = -7 + 39. What is the units digit of i?
8
Suppose -11*u + 62 = -9*u. What is the units digit of u?
1
Let k(l) = -5 + 0 - l - 2*l + 0*l. What is the units digit of k(-5)?
0
Suppose -1443 + 488 = -5*c. What is the tens digit of c?
9
Let l be (6/(-15))/(2/(-60)). Suppose -8 = -2*p + l. What is the tens digit of p?
1
Suppose 0*u + 35 = 4*u - 3*p, -20 = -u + 3*p. Suppose 5*j + b = 2 + 9, j = 4*b + 19. Suppose 20 - u = j*v. What is the units digit of v?
5
What is the tens digit of 7 + (-5082)/(-49) - (-4)/14?
1
Suppose -3*x = -3*o - 18, -2*x = 4*o + o - 40. What is the tens digit of x?
1
Let s = -109 + 184. Suppose -19 = 4*l - s. What is the tens digit of l?
1
Let o(b) = b**3 + 8*b**2 - 7*b + 12. Let w be o(-9). Let i be (-4)/(-6) - 8/w. Suppose f - i*f = -8. What is the units digit of f?
8
Let b = 47 + 1. What is the tens digit of b?
4
Let k be (-323)/13 - 2/13. Let v = k + 52. What is the units digit of v?
7
Let j(s) be the first derivative of -2 - 8/3*s**3 - 1/4*s**4 + 9/2*s**2 + 3*s. What is the units digit of j(-9)?
3
What is the tens digit of 156*1*(-34)/(-68)?
7
What is the tens digit of (62/(-4))/(10/(-20))?
3
Let f = -6 + 8. Suppose -f*u + 0 + 4 = 0. Suppose 4 = u*r - 20. What is the units digit of r?
2
What is the hundreds digit of 4*(-1)/2 + 127?
1
Let l = 0 - -2. Suppose -5 = q - l. Let r(g) = g**3 + 2*g**2 - 4*g - 1. What is the units digit of r(q)?
2
Suppose -5*l + 3*y + 1 = 0, -5*y = -0*l - 5*l + 5. Let t be (l + 2)/1 - -10. Let r = 21 - t. What is the tens digit of r?
1
Suppose 2*d + 9 = 5*f + d, 5*f + 4*d - 14 = 0. What is the tens digit of -2 + (-1 - -14) + f?
1
Suppose -w + 6*u - 2*u = -28, -5*u = 2*w - 43. What is the units digit of w?
4
Suppose -h + 2*h - 3 = 0. Suppose 4*l - h*l - 17 = 0. Let w = l - 12. What is the units digit of w?
5
Let c be ((-3)/(-3))/(-1) - -1. Suppose c = 2*d - 0 + 16. Let i = d + 13. What is the units digit of i?
5
What is the units digit of (-2)/6 - 1036/(-21)?
9
Let r = 16 + 4. Suppose -3*h + h + r = 0. What is the units digit of h?
0
Suppose k + 15 = 2*x, -7*x + 3*x + 5*k = -15. Let h = 7 + x. What is the tens digit of h?
1
Let t(m) = m**3 + 10*m**2 - 12*m - 5. Let w be t(-11). Suppose j - w*j = 0. Suppose j = -d + 4 + 6. What is the units digit of d?
0
Suppose 12 = -0*q + 3*q. Suppose -q*v = -1 - 51. Suppose 5*z = -u + v, -5*z = -3*z. What is the tens digit of u?
1
Suppose 5*g - 2*j - 3*j = 870, 3*j = -3*g + 534. What is the units digit of g?
6
Let v(k) = -2*k**2 + 3*k + 4. Let j be v(3). Let i = 9 + j. What is the tens digit of -1*(-5)/2*i?
1
Suppose -25 = -3*f - l, 3*f + 5*l = 12 + 5. Suppose f*h - 8 = 5*h. Suppose -3*v + 6 = 0, h*g + v = -4*v + 28. What is the units digit of g?
9
Let b(x) = -x**2 + 7*x + 3. Let z be b(5). Let f = z - 9. Suppose -4*c - 4*u = 16, 0 = 3*c + f*u + 10 + 7. What is the units digit of c?
1
Let z(b) = -b - 7. Let h be z(-7). Let c(s) = -3*s**2 + 12 + 5*s**2 - s**2. What is the tens digit of c(h)?
1
Let t(x) = 5*x**2 + 6*x + 1. What is the units digit of t(5)?
6
Let x = 1 - 2. Let z be (7 - 3)/(x*1). Let j(d) = -2*d + 2. What is the tens digit of j(z)?
1
Let o = 4 + -2. Let b be -1 + 0 + o - -1. Suppose g = -5*n + b + 28, 4*g + 2*n - 30 = 0. What is the units digit of g?
5
Suppose 10 - 38 = 2*j. Let l = j - -74. Suppose -5*c + 0*c + l = 0. What is the units digit of c?
2
Let z(p) = p**3 - 3*p**2 + p + 1. Let w be z(3). Let c(v) = 5*v - 5. What is the tens digit of c(w)?
1
Suppose -j + 50 = -2*n, -5*j + 4*n = -n - 275. What is the tens digit of j?
6
What is the units digit of 3 - (-52 + 3) - 2?
0
Let c(m) = 19*m**2 + 3*m - 7. What is the tens digit of c(4)?
0
Suppose -1 = -q + 3*u, -q = -3*u + 4*u - 5. What is the units digit of q?
4
Suppose j + 3*i + 6 = 0, 3*j - 5*i - 32 = -8. What is the units digit of j?
3
Suppose 3*a - a = 10. What is the units digit of a?
5
Suppose 0 = -3*j + 3*g - 5*g + 13, -5*g = 4*j - 22. Let r = j - -7. What is the tens digit of r?
1
Let y(u) = 6*u - 14. What is the tens digit of y(10)?
4
Let k(n) = n + 3. What is the units digit of k(12)?
5
Suppose 0 = -4*s + 2*s. Suppose s = -0*c - 5*c + 55. What is the units digit of c?
1
Let v = 29 + 168. What is the units digit of v?
7
Let c(w) = w**2 - 3*w + 2. Let g be c(2). Suppose p - 15 = -g*p. What is the tens digit of p?
1
Suppose 3*s + 4*g = 82, -s + 3*s + 2*g - 58 = 0. What is the tens digit of s?
3
What is the tens digit of (11/(-33) - 244/(-3)) + -1?
8
Let t(m) = -2*m + 1. Let x be t(1). Let y = x - -4. Suppose -y*f + 12 = -0*f. What is the units digit of f?
4
Suppose -4*k + 5*z = -225, 0*z + 175 = 4*k + 5*z. Let r = -6 - -11. Suppose t - r - 1 = -d, -d + k = 5*t. What is the tens digit of t?
1
Let v be (5 - 2) + -1*3. Let x = 3 - 1. Suppose -x*l = -12 - v. What is the units digit of l?
6
Let l = -82 - -159. Suppose -5*d + l = -58. What is the tens digit of d?
2
Suppose 5*v + 48 = 178. What is the units digit of v?
6
Let t(k) = 13*k + 1. Let j be t(-1). Let s(g) = g**2 + 7*g - 16. What is the units digit of s(j)?
4
Let h = 10 - 15. Let o(z) = -2*z + 6. What is the units digit of o(h)?
6
Let b(v) = v**3 - 2*v**2 - 6*v + 2. Let w be b(4). Let k = 30 - w. What is the units digit of k/8 - 1/2?
2
Let i(g) be the third derivative of -g**4/24 + 5*g**3/6 - 3*g**2. Let y be i(6). What is the units digit of 33*(3/(-9))/y?
1
Suppose 6*m = 4*m + 136. What is the units digit of m?
8
What is the tens digit of (209/76)/((-2)/(-120))?
6
Suppose -3*d = -20 - 10. Suppose -4 + d = 2*k. Suppose -o = -4*o + k. What is the units digit of o?
1
Let d(l) = l**2 + 11*l + 13. Let b be -1 - (0 - 1)*-9. What is the units digit of d(b)?
3
Let a be 1*2/(-4)*2. Suppose 8 = 4*w - 8. What is the units digit of a + 0 + 2 + w?
5
Suppose -6*n + 9*n = 108. What is the units digit of n?
6
Suppose o - 25 = 16. Suppose o = 2*w - 31. Suppose 0 = -3*a - a + w. What is the units digit of a?
9
Let a(c) = -6*c + 6. Let v be a(-5). Let r = -21 + v. What is the units digit of r?
5
Let z(d) = -d - 2. Let n be z(-2). Suppose n = 5*h - 2*l - 136, -h + 3*l = -0*h - 35. What is the units digit of h?
6
What is the hundreds digit of (-12)/(-3) + 3 + 98?
1
Suppose -4*j - 29 + 209 = 0. What is the units digit of j?
5
Let a(p) = p + 4. Let j be (2*9)/2 + -3. What is the units digit of a(j)?
0
Suppose 0 = -o - o - 38. Let x = -5 - o. What is the units digit of x?
4
Let i(m) = 9*m**3 + 2*m**2 - 1. What is the tens digit of i(1)?
1
Let a(j) = -4*j**3 + j**3 - 3*j - 5 + 4*j**3 + 5*j**2. What is the units digit of a(-4)?
3
Suppose j - 23 = -j + l, -5*j = 4*l - 64. What is the units digit of j?
2
Let f(p) be the third derivative of -p**2 - 1/6*p**3 + 0 + 0*p - 1/12*p**4 - 1/60*p**5 - 3/40*p**6. What is the units digit of f(-1)?
9
Let l be 8/44 + 13/(-11). What is the units digit of ((-2)/6)/(l/69)?
3
Let i(n) = n**3 - 5*n**2 + 5. Let f = -10 + 15. Let l be i(f). Suppose l*a = 2*a + 18. What is the units digit of a?
6
Let g = -11 + 16. Let d(v) = -v**3 + 5*v**2 + 6*v + 3. What is the tens digit of d(g)?
3
Let o(x) = x**3 + 4*x**2 - x - 3. Let q be o(-4). What is the units digit of -1 + (q + -1 - -4)?
3
Let v(o) = -o - 4. Let s be v(-7). Suppose p - 112 = -s*p. What is the units digit of 8/p - 108/(-14)?
8
Suppose -5*u + 232 = -3*u. What is the tens digit of u?
1
Suppose 0 = -3*o - 2*o. Suppose -3*u + 33 + 30 = o. Suppose -2*a + u = a. What is the units digit of a?
7
Let b(r) = r**2 - 4*r - 33. What is the units digit of b(11)?
4
Suppose 0 = -b + 1 + 5. Suppose 70 = -k + b*k. What is the units digit of k?
4
Let t be 0 - (0 + 0) - (-432)/54. Suppose 7*k - 3*k + 4 = 0. What is the tens digit of (t/(-12))/(k/15)?
1
Let x = -26 + 42. Let u be 198/(-24) + (-1)/(-4). Let o = u + x. What is the units digit of o?
8
Suppose -4*m = t - 24, 5*m + 4*t - 26 = 3*m. Let z = 6 + m. What is the tens digit of z?
1
Suppose -602 = -q - 6*q. What is the tens digit of q?
8
What is the hundreds digit of (-439 - -13)*1/3*-1?
1
Let o = -512 + 217. What is the units digit of 6/(-8) + o/(-20)?
4
Suppose